(a) is divided by 4?
2
Let i = -183 + 173. What is the remainder when 42 is divided by 21/2 - (i/5)/4?
9
Let l = 9 - 21. Let f be l + 10 + 7*1. Suppose 64 = -c + f*c. What is the remainder when 30 is divided by c?
14
Let b = 144 - 97. What is the remainder when b is divided by 41?
6
Let v(d) = -10*d + 63. What is the remainder when v(0) is divided by 16?
15
What is the remainder when 216/10*((-68)/(-6) + -8) is divided by 20?
12
Let i(p) = 8*p**2 - 4*p - 4. Let u be i(4). Let j = -13 + 15. Suppose j*b = -2*b + u. What is the remainder when b is divided by 7?
6
Suppose 2*u + 4*w - 7 - 3 = 0, 4*w + 67 = 5*u. Let g = -348 + 598. What is the remainder when 14/42 + g/6 is divided by u?
9
Let g = -848 - -855. What is the remainder when 286 is divided by g?
6
Suppose 4*h - 8*h + 2*t = -26, 3*h - 27 = 3*t. Suppose -2*m + h + 2 = 0. What is the remainder when 7 is divided by m?
1
Suppose -2*p - 5*n = -54, 2*p + 3*n - 67 = -17. Suppose -z + k + 11 = z, -2*z - 5*k - 7 = 0. Calculate the remainder when p is divided by z.
2
Suppose 2*c + 8 = 2*t, 5*t - c + 3*c + 1 = 0. Suppose -2*m = -m + t. Calculate the remainder when m/(-6) + (-524)/(-24) is divided by 12.
10
Let u = -84 + 95. Calculate the remainder when ((-32)/(-40))/((-2)/(-50)) is divided by u.
9
Let x be 3/(-9) - (-22)/(-6). Let j be (-1 - 3)/x - -1. Let m(n) = 28*n - 2. Calculate the remainder when m(j) is divided by 28.
26
Calculate the remainder when (-84 - -29)/(1/(-4 + 2)) is divided by 25.
10
Suppose 4*m + 0*m - r = 176, -5*m = -5*r - 235. Calculate the remainder when 62 is divided by m.
19
Let l be ((-84)/(-70))/((-6)/(-20)). Suppose 0 = -l*v + 6 + 18. What is the remainder when 27 is divided by v?
3
Suppose 58*z + 718 = 2980. Calculate the remainder when 116 is divided by z.
38
Suppose -164 = 4*y + 152. Let a = -77 - y. Calculate the remainder when 10 is divided by a.
0
Suppose -6*y + 4*y = -24. Let u(b) be the first derivative of 5*b**4/4 - b**3/3 - b**2 + 2*b - 2. What is the remainder when u(2) is divided by y?
10
Suppose o = 8*o - 14. Suppose t - 21 = -o*h, 5*t = 5*h + 3*t - 48. Calculate the remainder when 38 is divided by h.
8
Let b(f) be the first derivative of f**3 + f**2 - f - 5. Calculate the remainder when b(2) is divided by 8.
7
Let j(t) = 7*t**2 - 52*t + 53. Let z(a) = 4*a**2 - 26*a + 26. Let v(d) = 3*j(d) - 5*z(d). Calculate the remainder when v(26) is divided by 15.
14
Suppose 2*j = -3*z + 41, -6*z + z - 25 = 0. Calculate the remainder when 59 is divided by j.
3
Let t(z) = 13*z**2 + 4*z. Suppose 5*c - 2*j + 0 = 9, 3*j = 3*c. Calculate the remainder when t(c) is divided by 26.
25
Calculate the remainder when 231 is divided by (-49)/(10/(-10)) - 2*1.
43
Suppose -5*r + 12 = 2*l + 3, -r = 5*l - 11. What is the remainder when 205 is divided by (l/7 + 15/21)*23?
21
Suppose 0*o = 5*o. Let z be 7 - (-4 - (o + -6)). Calculate the remainder when (-6)/30 + 156/z is divided by 8.
7
Suppose -5*l - 5*s = -100, -4*l + 19*s - 21*s + 76 = 0. Calculate the remainder when 33 is divided by l.
15
Let n = -11 - -9. What is the remainder when (-1)/n*((-1)/(-1) + 193) is divided by 14?
13
Suppose 5*b = 2*b - 15, b + 137 = -u. Suppose -2*c + c + 67 = -2*g, -2*g - 4 = 0. What is the remainder when c is divided by (-5)/1*u/30?
19
Suppose -i + 18 + 5 = 0. Calculate the remainder when i is divided by (83 - 79) + (-1 - -5).
7
Suppose 0 = t - 2*t + 19. Suppose -5*i = -y - 29, y - t = -2*i - i. Calculate the remainder when i is divided by 70/30 - 2/(-3).
0
Suppose 2*x - 3*x + 4*t = -65, 5*t = 5*x - 265. Let s(p) = -p**3 - 8*p**2 - 10*p - 4. Calculate the remainder when x is divided by s(-7).
15
Suppose -78*p = -76*p - 34. Let i = -70 - -170. Calculate the remainder when i is divided by p.
15
Let l(y) = -y**2 - 6*y + 6. Let d be l(-6). Let g = d - 4. Calculate the remainder when 15 is divided by (-3)/((-4)/(24/g)).
6
Suppose 4*s - 85 = q, -q + 103 = 5*s + q. Let g(f) = -f + 7. Calculate the remainder when s is divided by g(-5).
9
Suppose -3*o + 6*o = 12. What is the remainder when 2*(o + -6 - -31) is divided by 12?
10
Let s(f) = f**2 - 2*f - 16. Calculate the remainder when 431 is divided by s(6).
7
What is the remainder when 293 is divided by (14/(-16))/(126/(-7056))?
48
Suppose 0 = h - 3, 2*p = p + h + 11. Suppose d - 2 = p. Suppose -n + 8 + d = 0. Calculate the remainder when n is divided by 13.
11
Let j = 14 + 15. Suppose -2*m + j = -4*n + 9, -3*m + 52 = 5*n. What is the remainder when 82 is divided by m?
12
Let v be (45/(-135))/(-1*(-2)/(-30)). Calculate the remainder when 123 is divided by (-3)/v - 632/(-20).
30
Let b be (1/(-2))/((-10)/20). Suppose 4*d - z = 4*z - b, 2*z = -3*d + 28. What is the remainder when 10 is divided by d?
4
Suppose 47 = l + 9*m, -9*m - 6 = -2*l - 5*m. Calculate the remainder when 208 is divided by l.
10
Let t = 1936 - 1881. Calculate the remainder when 250 is divided by t.
30
Suppose -h - 245 = -2*t, 0 = 4*t - 5*h - 225 - 256. What is the remainder when t is divided by 37?
13
Let k = 11 + -6. Suppose -2*t - 5*w + w - 4 = 0, 0 = 3*t + 4*w + 2. Let b(v) = 4*v - 1. Calculate the remainder when b(t) is divided by k.
2
Let v = 13 + 67. Suppose 0*k = -2*k + 8, -4*t + v = 5*k. What is the remainder when 59 is divided by t?
14
Let p be 3*(-3)/9*48. Let c = 77 + p. What is the remainder when c is divided by 15?
14
Suppose -53 = -3*j - 5*p + 6, -57 = -5*j + 2*p. What is the remainder when 1233 is divided by j?
11
Let s be 135/6 + 39/26. Let d = 80 + s. Calculate the remainder when d is divided by 35.
34
Let z(h) = -h**2 + 19*h + 19. Let p be z(19). Suppose 15*k = p*k - 80. What is the remainder when 58 is divided by k?
18
Suppose -2*d - 3*d - 4*j = -58, 0 = 5*d + 5*j - 55. Let h = -8 + d. Calculate the remainder when 13 is divided by (8/3)/(h/9).
1
Suppose -6*v - 6*v + 72 = 0. What is the remainder when 27 is divided by v?
3
Suppose -6*d = -5*d. Suppose d = h - 5*y - 80, 0 = 2*h + 3*y - 156 + 22. Let x = -203 + 227. Calculate the remainder when h is divided by x.
22
Let b(r) = 2*r + 33. Let w be b(-14). Suppose 0 = -u - w*j + 3*j + 18, -j = 3*u - 49. What is the remainder when 46 is divided by u?
14
Let y = 29 + -27. Suppose -y*m + 5 = -m. Calculate the remainder when 8 is divided by m.
3
Suppose -q - 5*k + 9*k = -16, -5*q - k = -38. What is the remainder when 167 is divided by -2*34/q*(19 - 23)?
31
Let p(c) = 3*c + 10. Let k(q) = 3*q + 11. Let s(h) = -3*k(h) + 2*p(h). Calculate the remainder when 33 is divided by s(-6).
3
Let r(h) = -h**2 + 27*h - 121. What is the remainder when 100 is divided by r(14)?
39
Let m(k) = -k**3 + 5*k**2 + 3*k + 1. Let a be m(4). Let z = 42 - a. Calculate the remainder when z is divided by 8.
5
Suppose 109 = -5*t - 181. Let u be (-2)/6*(t - -1). Suppose 5*q + n = 51, 3*n - 14 = -3*q + u. What is the remainder when 27 is divided by q?
7
Let i be 20/(-170) + 168*16/17. Let f = -138 + i. Calculate the remainder when f is divided by 11.
9
Let v = 136 + -66. Suppose 3*s = 21 + 33. Calculate the remainder when v is divided by s.
16
Let q(a) = 5*a + 70. Let o be 481/7 - 4/(-14). Suppose 0 = -5*x + o - 9. What is the remainder when q(-7) is divided by x?
11
Let z = 1098 - 1090. What is the remainder when 1140 is divided by z?
4
Calculate the remainder when -3*(328/(-12) + 5) is divided by 60.
7
Suppose 5*c = -a + 6*a - 10, -a = 3*c - 10. What is the remainder when c/(-7) - (-48)/21 - -11 is divided by 7?
6
Let h = -495 - -659. What is the remainder when h is divided by 42?
38
Suppose -4*o + 5*w + 69 = 0, 3*o - 2*w - 50 = -0*w. What is the remainder when 255 is divided by o?
15
Suppose -5*o + 428 = 4*i, -3*i + 3*o + 192 + 156 = 0. Suppose -5*d - i = -d. Let n = d + 63. Calculate the remainder when n is divided by 19.
16
Let w(f) = 6*f + 46. Calculate the remainder when 149 is divided by w(-6).
9
Let i(a) = -11*a + 169. Calculate the remainder when i(-12) is divided by 28.
21
Suppose -2*w + 44 = -2*s - w, 12 = -s + 3*w. Calculate the remainder when (-60)/s*(-8)/(-50)*60 is divided by 5.
4
Let c(t) = 3*t + 7. Let z be c(-9). Suppose -l - 8 = -3*r + 138, 4*r = -l + 190. What is the remainder when r is divided by (z/(-25))/(6/75)?
8
Let w be 2/(-4)*(0 + -4). Suppose 4*n - 233 = -0*n - h, -w*n + 134 = 4*h. Calculate the remainder when n is divided by 17.
6
Let z(t) =